3 - 3*b - 18. Let z be h(-2). Calculate the greatest common factor of z and 1308.
12
Suppose 3*q - 8*q - 1065 = 0. Let z be 18/27*q/(-1). What is the highest common factor of z and 213?
71
Let b(k) = -17*k**2 - 53*k - 4. Let i be b(-3). Let g be ((116 - 2) + 2)/2. Calculate the highest common divisor of g and i.
2
Suppose -f + 4*h + 30 = 4, -26 = -2*f - 5*h. Suppose 0 = p + 56*m - 60*m - 542, -p = -3*m - 546. What is the highest common factor of f and p?
18
Let k = -6475 - -9555. Suppose -5*j + k = 4*g - 324, 2*j - 3*g = 1357. Calculate the greatest common factor of 17 and j.
17
Let i be 4/30 + 2817/135. Let d = 298 - 263. What is the greatest common divisor of i and d?
7
Let t = 80 - 80. Suppose 36*s - 32*s - 160 = t. Suppose 2*j + 7*k - 15 = 8*k, 2*k = -5*j + 60. Calculate the highest common divisor of s and j.
10
Let y = -112 - -196. Suppose 2*w + 385 - 71 = 2*z, -6 = 3*w. Suppose 5*d = -2*i + 138 - 4, -5*i - z = -5*d. Calculate the highest common factor of d and y.
28
Suppose 3*k = 15, -q + 5*k - 15 = 12. Let t be q/(-7) - (-1088)/112. Suppose 40 = 2*c + t. Calculate the greatest common divisor of c and 135.
15
Let s(v) = 10*v - 14*v - 4 - 8. Let u be s(-12). Suppose -4*f = -u + 20. Calculate the greatest common factor of 12 and f.
4
Suppose 46*d - 42 = 40*d. Let a(i) = -i**3 - 6*i**2 + 4*i - 14. Let c be a(-7). What is the highest common factor of d and c?
7
Suppose 0 = -2*x - c + 1564, -2144 = -5*x - 2*c + 1768. What is the highest common factor of x and 400?
16
Suppose s - 252 = -6*w, 0*w = -2*w - 5*s + 84. Calculate the greatest common divisor of 10206 and w.
42
Let j = 3940 - 2961. What is the highest common factor of j and 66?
11
Let o(x) = 916*x - 304*x - 318*x - 110 - 324*x. Let d be o(-9). Calculate the greatest common factor of d and 64.
32
Suppose 27 = -5*w + 182. Let b(i) = 3 - 42 + w*i + 13*i - 29*i. Let o be b(6). Calculate the highest common factor of 34 and o.
17
Suppose 2*s - 10*v + 14*v - 26 = 0, -3*v + 18 = s. Let g(m) = -2 + 4 + 4*m + 3 - 1. Let x be g(s). Calculate the greatest common factor of x and 128.
16
Suppose -28*f + 29*f - r - 185 = 0, 0 = 5*f - r - 925. What is the highest common factor of f and 27?
1
Suppose 9*f + 269 - 81 = 1196. What is the highest common factor of 413 and f?
7
Suppose 0 = -8*h + 5*h + 549. Let x = -38 + h. Suppose -x = -3*r - 49. Calculate the highest common divisor of 48 and r.
16
Let g(k) = -k**3 - 9*k**2 - 21*k - 10. Let q be g(-6). Suppose 4*b + b - 440 = 0. Calculate the highest common divisor of q and b.
8
Let z(u) = -u**3 - 8*u**2 + 5*u + 7. Let y be z(3). Let v = 217 + y. Suppose -v = 8*d - 364. Calculate the greatest common factor of 4 and d.
4
Suppose -46*c = -c - 27*c - 21384. What is the greatest common factor of c and 156?
12
Let t be (-89)/(-178)*(12479 + -1). What is the highest common factor of 187 and t?
17
Let i be ((-195)/2)/(-1)*28/21. Let u = 447 + -437. Calculate the greatest common factor of u and i.
10
Let k = 702 - 700. Suppose 5*d = 134 + 36. Suppose -36 = -5*b + d. Calculate the highest common divisor of b and k.
2
Suppose 142 = 5*k - 53. Suppose 0*v + 52 = 2*v. Calculate the highest common factor of v and k.
13
Let b = -2036 - -2096. Calculate the highest common divisor of b and 78.
6
Let w be 2 - (-2)/2 - 0. Suppose 3*h + 46 = 5*r + 19, 14 = -2*r - 5*h. Suppose 2*d - w*d + 13 = 3*a, r*d = -15. What is the greatest common divisor of a and 2?
2
Let b be (-19 - -15)/((-4)/(-202)). Let q = b + 411. Calculate the greatest common divisor of q and 19.
19
Let z be 387/(-18) + 3/2. Let j be (-5)/(z/72) - 2. Suppose u + 2*u + n = 16, 3*u - 2*n - 4 = 0. Calculate the greatest common factor of u and j.
4
Let u(n) = 13*n**2 - 2068*n + 4140. Let x be u(2). Let l be (-476)/6*(-9 + 6). Calculate the greatest common divisor of x and l.
14
Let g = -254 - -247. Let a(t) = 5*t**2 - 6*t**2 - 4*t + 4 - 9*t + 3*t. Let c be a(g). Calculate the highest common factor of 25 and c.
25
Let k be -3 - (825/(-12) + (-1)/4). Let p be (k/(-5))/(27/10 + -3). Calculate the greatest common factor of p and 66.
22
Let v be 5*(-2)/20 - 62/(-4). Suppose 127 = 11*k - 38. Calculate the greatest common factor of v and k.
15
Suppose -48 = 23*n + 44. Let l be (n - 0/(-4)) + -4 + 80. Calculate the highest common factor of l and 18.
18
Suppose -75*z + 36*z = -47*z + 200. What is the highest common divisor of z and 635?
5
Suppose -4*u + 0*u = -40. Let j be ((-14)/(-40) + (-512)/5120)/((-1)/(-32)). Calculate the greatest common divisor of j and u.
2
Let z = 47663 + -47660. What is the greatest common factor of 2589 and z?
3
Let c(v) = -v**2 + 39*v + 158. Let f(i) = -i**3 + 28*i**2 - 2*i + 94. Let r be f(28). Let b be c(r). Calculate the greatest common factor of 42 and b.
14
Let v(b) = -18*b - 88. Let n be (-2 - (7 - 8))*6. Let r be v(n). Suppose 2*w - 32 = -2*w. What is the highest common divisor of r and w?
4
Suppose -8*q + 55 = 3*q. Suppose 3*p + q*r = 95, p - 34 = r + 3. What is the greatest common divisor of 21 and p?
7
Let t = -111 - -169. Let y be (-1*(-27 - 3))/(0 + -1). Let m be (-10)/y - 86*1/(-3). Calculate the greatest common factor of t and m.
29
Let f(o) be the second derivative of -1/12*o**4 + 25*o + 0 - 7/2*o**3 - 30*o**2. Let m be f(-16). What is the highest common divisor of 30 and m?
10
Let l be (3305 - 21)*17/(-2)*16/(-32). Calculate the highest common divisor of l and 17.
17
Let i = 331 + -304. Suppose 0 = -40*m + i*m + 156. Suppose 0 = -q + 5 + 7. Calculate the highest common factor of q and m.
12
Let j(r) = r**3 - 6*r**2 + 30*r - 15. Let o be j(-10). Let h = -1285 - o. Calculate the greatest common factor of 45 and h.
45
Let z be (2052/48)/(-5 + 215/40). What is the greatest common divisor of 551 and z?
19
Let v be ((-185)/(-3))/((-158)/4740)*10/(-4). Calculate the greatest common factor of 444 and v.
37
Let l(h) = 17*h - 341. Let s be l(19). Let j be 40 - s/(-6 + 4). Calculate the highest common divisor of 403 and j.
31
Suppose -53*l - 11 + 176 = -153. What is the highest common factor of 474 and l?
6
Suppose 43*u = -171*u + 10272. Let t(r) = -r**2 + 9*r - 2. Let z be t(4). Calculate the highest common divisor of u and z.
6
Suppose 9*t + 233 = -478. Let k = t - -105. What is the highest common factor of 52 and k?
26
Let i(o) = -85*o - 1. Let v be i(3). Let d = v - -168. Let n = -70 - d. Calculate the greatest common divisor of n and 2.
2
Suppose -5*x = 3*x - 208. Let p(l) = 35*l - 15. Let o be p(6). Suppose -7*t + 10*t - o = 0. Calculate the greatest common divisor of x and t.
13
Suppose -4*o - 407 = -427. Suppose -o*y + 307 = 3*n - 288, -5*n + y = -973. What is the greatest common divisor of n and 78?
39
Let l(d) = 1213*d - 324. Let m be l(1). Calculate the highest common divisor of m and 14.
7
Let y = -227 - -203. Let m be (90/y)/((-4)/208). Calculate the greatest common factor of 60 and m.
15
Let z(o) = -o**2 + 10*o - 8. Let k be z(7). Let h = k - -6. Suppose 12*w - 2469 = -645. Calculate the greatest common factor of h and w.
19
Let a = -2328 - -3875. What is the highest common factor of 182 and a?
91
Suppose -76*w = -73*w - 354. Calculate the greatest common factor of w and 7906.
118
Let t(a) = -5*a + 181. Let s be t(34). Suppose 0*c + 5*z = -2*c + 19, 4*c + z - 11 = 0. Suppose -c = -n + s. Calculate the highest common factor of 117 and n.
13
Let r = -74 + 104. Suppose -p + 272 + 58 = 0. Calculate the highest common divisor of r and p.
30
Let h(t) = t**3 + 7*t**2 + 9*t + 19. Let l = 680 - 683. Let d be h(l). Calculate the greatest common divisor of d and 756.
28
Suppose 17*t - 54 = 20*t. Let u(p) be the third derivative of -7*p**4/24 - 9*p**3/2 - 4*p**2. Let z be u(t). What is the greatest common factor of 66 and z?
33
Suppose -2*p = 2*i - 5210, 139*p - 2*i - 10432 = 135*p. What is the greatest common divisor of 33 and p?
33
Let o(c) = c**3 + 12*c**2 - 13*c + 20. Let m be o(-13). Let q = 45 - m. Let v be (-1)/5 - (-306)/30. What is the greatest common factor of v and q?
5
Let u(c) = 14*c + 243. Let m be u(43). Let x = m - 819. Let j(o) = 27*o - 1. Let z be j(1). Calculate the greatest common factor of z and x.
26
Let c be 1321/3 + 1/(-3). Let d = -136314 - -136354. Calculate the highest common factor of d and c.
40
Suppose -3*g + 5*x = -1470, -g + 473 = 3*x + x. Suppose -g*m =